773 and 706.
353
Calculate the highest common divisor of 8256 and 68527896.
1032
What is the greatest common divisor of 318 and 240978492?
318
What is the greatest common divisor of 410238 and 31672?
214
Calculate the greatest common divisor of 200 and 6820700.
100
Calculate the greatest common factor of 267044 and 50399.
101
Calculate the greatest common factor of 537 and 2643472.
179
Calculate the highest common divisor of 256079832 and 32.
8
Calculate the highest common factor of 322 and 63793076.
46
What is the highest common divisor of 4023090 and 8730?
90
What is the highest common divisor of 649080 and 2430?
270
What is the highest common factor of 13344 and 90236576?
4448
Calculate the greatest common factor of 96 and 24578.
2
What is the greatest common factor of 30500 and 6556280?
1220
Calculate the highest common factor of 3742420 and 88.
44
What is the highest common divisor of 744690 and 140985?
3615
What is the greatest common divisor of 61 and 3613579?
61
Calculate the highest common divisor of 6797 and 2471.
7
Calculate the greatest common divisor of 3502 and 111256789.
1751
What is the greatest common divisor of 1650 and 18018150?
150
Calculate the highest common divisor of 1488761715 and 70.
35
What is the highest common factor of 60 and 3841000?
20
Calculate the greatest common divisor of 61769 and 484399.
3251
Calculate the greatest common factor of 1145594 and 150426.
274
Calculate the greatest common factor of 188 and 146384978.
94
Calculate the highest common divisor of 198 and 64596279.
33
What is the greatest common factor of 290 and 11544088?
58
What is the greatest common divisor of 332840 and 4180216?
424
What is the greatest common divisor of 885 and 58823295?
885
What is the highest common divisor of 496040 and 30?
10
Calculate the greatest common divisor of 32572 and 142256.
68
What is the greatest common divisor of 81 and 1801047?
3
What is the highest common factor of 3212 and 800491428?
3212
Calculate the greatest common divisor of 540688781 and 10685.
2137
Calculate the highest common factor of 133419 and 134563.
143
Calculate the highest common factor of 93753 and 69399.
99
Calculate the greatest common factor of 8767876 and 11960.
1196
Calculate the highest common divisor of 3635 and 1085635.
5
Calculate the highest common factor of 19631481 and 34.
17
Calculate the highest common factor of 253 and 1774168.
11
What is the highest common divisor of 463572 and 429831?
1467
Calculate the highest common divisor of 590 and 10995830.
590
Calculate the highest common divisor of 5170 and 1084270.
110
What is the highest common divisor of 5696048 and 426892?
3116
What is the greatest common divisor of 342 and 11378?
2
Calculate the highest common divisor of 724 and 47141993.
181
What is the greatest common factor of 7498206 and 1422?
1422
What is the highest common factor of 486722 and 498982?
1226
Calculate the highest common factor of 305716 and 11178.
46
Calculate the greatest common factor of 64533 and 105.
21
Calculate the highest common divisor of 3492 and 98261.
97
What is the greatest common divisor of 479 and 65431879?
479
Calculate the highest common factor of 152 and 18827518.
38
What is the greatest common divisor of 3408 and 714828?
852
Calculate the greatest common divisor of 1003 and 9452.
17
What is the greatest common factor of 115625 and 19923575?
925
Calculate the greatest common factor of 11207912 and 40.
8
Calculate the highest common factor of 2025816 and 936.
312
What is the highest common factor of 75704382 and 1326?
78
What is the greatest common factor of 29208779 and 415?
83
Calculate the greatest common factor of 4409768 and 352.
88
Calculate the greatest common factor of 311894743 and 161.
23
Calculate the highest common divisor of 1655 and 72579694.
331
What is the greatest common divisor of 95000 and 3496?
152
Calculate the greatest common divisor of 289948 and 13121404.
1676
What is the highest common divisor of 6360 and 2938080?
120
What is the greatest common factor of 3783 and 76349767?
1261
What is the greatest common factor of 45 and 40045620?
15
What is the highest common factor of 256312 and 40296?
184
What is the highest common factor of 16015230 and 1890?
630
What is the highest common factor of 5572 and 5383?
7
What is the highest common factor of 744419726 and 1262?
1262
What is the greatest common divisor of 203168324 and 412?
412
Calculate the highest common factor of 138 and 452481.
3
Calculate the highest common factor of 1332 and 735486.
222
What is the highest common divisor of 1741740 and 120?
60
What is the highest common divisor of 98361450 and 40?
10
What is the greatest common factor of 150641176 and 896?
56
What is the greatest common factor of 46 and 1140316862?
46
What is the highest common factor of 183806 and 2073?
691
What is the highest common divisor of 48619931 and 1877?
1877
Calculate the highest common divisor of 12183116 and 88.
44
Calculate the highest common divisor of 3619 and 8422964.
517
Calculate the highest common divisor of 1346115608 and 492.
164
Calculate the greatest common divisor of 1611 and 563157.
9
Calculate the greatest common factor of 6239002 and 14.
14
Calculate the highest common factor of 17703363 and 708.
177
Calculate the highest common factor of 4395 and 39285.
15
What is the greatest common divisor of 36351 and 200403?
63
What is the highest common factor of 168 and 50642004?
84
Calculate the highest common divisor of 15847946 and 436.
218
Calculate the greatest common divisor of 398343 and 33.
33
Calculate the highest common factor of 258 and 19602195.
129
What is the greatest common factor of 20694 and 29343?
3
Calculate the highest common divisor of 38905372 and 6820.
1364
Calculate the highest common factor of 10868 and 90497.
209
Calculate the greatest common divisor of 802949924 and 28.
28
Calculate the highest common divisor of 1239818337 and 2133.
711
Calculate the highest common divisor of 253 and 2135309.
11
What is the greatest common factor of 1106743 and 2?
1
What is the highest common divisor of 41349824 and 928?
928
Calculate the greatest common divisor of 1505920 and 10880.
640
What is the greatest common factor of 389408 and 1396888?
2264
What is the highest common divisor of 16239569 and 2599?
113
What is the highest common factor of 10 and 31355245?
5
Calculate the greatest common divisor of 350948 and 10192.
52
What is the highest common divisor of 135 and 2471400?
45
Calculate the greatest common factor of 6784 and 88512.
64
Calculate the highest common divisor of 3 and 35655519.
3
Calculate the greatest common divisor of 2039304 and 3720.
744
What is the greatest common factor of 117 and 1117744251?
39
Calculate the greatest common factor of 130 and 169600015.
65
Calculate the highest common divisor of 16142 and 26782.
14
Calculate the greatest common divisor of 5278870 and 725.
145
Calculate the greatest common factor of 7045361 and 153.
17
What is the greatest common factor of 17210936 and 96?
8
Calculate the greatest common divisor of 126787715 and 185.
185
What is the greatest common factor of 24509652 and 40524?
3684
What is the highest common factor of 131100426 and 651?
93
Calculate the highest common divisor of 72976 and 12048.
16
What is the greatest common divisor of 60587 and 6205236?
1409
Calculate the highest common factor of 3942954729 and 63.
63
Calculate the greatest common factor of 296 and 6544856.
296
What is the greatest common divisor of 882 and 23478399?
441
What is the greatest common divisor of 214825 and 284375?
325
Calculate the greatest common factor of 5750440 and 60.
20
Calculate the highest common divisor of 594 and 9508026.
66
Calculate the highest common factor of 111424 and 39872.
64
What is the highest common divisor of 507164007 and 4443?
4443
What is the greatest common divisor of 72 and 9181314?
18
What is the greatest common factor of 5306883 and 8393?
109
Calculate the greatest common factor of 3556017 and 72.
9
Calculate the greatest common factor of 15735 and 80525436.
3147
What is the greatest common divisor of 97312 and 5216?
32
Calculate the greatest common factor of 96061199 and 103.
103
Calculate the greatest common factor of 430892 and 238.
14
Calculate